340520857 a multiple of 1021?
True
Does 125 divide 22543375?
True
Does 1490 divide 608730560?
True
Is 282470752 a multiple of 1172?
True
Is 576 a factor of 1563584832?
True
Is 1461 a factor of 404786121?
True
Does 8 divide 182387966?
False
Is 45 a factor of 62816037?
False
Is 694012088 a multiple of 2926?
True
Is 164774314 a multiple of 34?
False
Is 74981959 a multiple of 4?
False
Is 13 a factor of 1375801570?
True
Is 310 a factor of 1197979178?
False
Does 274 divide 22359675?
False
Does 226 divide 21320310?
False
Does 83 divide 9434859?
True
Is 628288182 a multiple of 83?
False
Is 67933095 a multiple of 2885?
True
Is 2865935941 a multiple of 12?
False
Does 151 divide 131425936?
False
Is 132631384 a multiple of 1073?
True
Is 15 a factor of 323910765?
True
Does 101 divide 522553800?
True
Is 86 a factor of 2775767820?
True
Is 37833069 a multiple of 97?
False
Does 4 divide 3422424?
True
Is 52 a factor of 7506824?
True
Does 90 divide 24171474?
False
Is 127 a factor of 187567570?
True
Does 11424 divide 1155811776?
True
Is 189 a factor of 85158297?
True
Is 10905496 a multiple of 515?
False
Does 10 divide 667559844?
False
Is 322 a factor of 96851160?
True
Is 1222 a factor of 6106334?
True
Is 4486 a factor of 413775166?
False
Is 313 a factor of 59205664?
False
Is 285 a factor of 306518002?
False
Is 25 a factor of 25755354?
False
Is 3 a factor of 196725190?
False
Is 2821 a factor of 121819243?
True
Is 7431864 a multiple of 280?
False
Does 18 divide 150167711?
False
Is 66 a factor of 84276965?
False
Is 18881959 a multiple of 955?
False
Is 3524 a factor of 43690450?
False
Is 21 a factor of 113137983?
True
Does 113 divide 865440332?
True
Does 1670 divide 1424918621?
False
Is 31 a factor of 5189923125?
True
Does 542 divide 442814?
True
Is 16795695 a multiple of 103?
True
Is 31 a factor of 2008520163?
True
Does 10 divide 435362070?
True
Does 288 divide 171371520?
True
Is 1303791312 a multiple of 709?
False
Is 13 a factor of 145404519?
True
Is 179569112 a multiple of 657?
False
Is 1810671881 a multiple of 3264?
False
Is 25 a factor of 405362500?
True
Does 139 divide 11675027?
True
Is 60 a factor of 771204120?
True
Is 517 a factor of 161346328?
False
Is 38 a factor of 161372610?
False
Does 972 divide 502941960?
True
Is 2521145190 a multiple of 358?
True
Is 9 a factor of 19264513?
False
Does 2 divide 11852894?
True
Is 6 a factor of 92532708?
True
Is 15 a factor of 66209175?
True
Is 232580859 a multiple of 21?
True
Does 6 divide 683274464?
False
Is 3600697 a multiple of 63?
False
Does 134 divide 179477604?
False
Does 177 divide 65485700?
False
Does 5541 divide 1527625995?
True
Does 21 divide 391800661?
False
Does 7 divide 1180935098?
True
Does 775 divide 70980752?
False
Is 668015700 a multiple of 219?
True
Does 1380 divide 33283412?
False
Is 1045111 a multiple of 169?
False
Is 1190 a factor of 74967620?
True
Is 222 a factor of 41379912?
True
Is 189423534 a multiple of 6?
True
Is 118 a factor of 51697694?
False
Is 23 a factor of 17729534?
False
Is 646704402 a multiple of 447?
True
Is 21304994 a multiple of 581?
False
Does 19 divide 127839315?
True
Does 123 divide 33995239?
False
Is 5 a factor of 2105055690?
True
Does 1746 divide 146342143?
False
Is 2826 a factor of 63291096?
True
Is 2769830172 a multiple of 1098?
True
Does 23 divide 284392723?
True
Does 307 divide 3159808245?
True
Does 1068 divide 13102518?
False
Is 114 a factor of 969697908?
True
Is 1084962490 a multiple of 67?
True
Is 7281917 a multiple of 660?
False
Is 595122282 a multiple of 222?
True
Is 291359855 a multiple of 527?
True
Is 1750442034 a multiple of 219?
True
Does 212 divide 52602686?
False
Is 198869735 a multiple of 1240?
False
Does 2495 divide 197075945?
False
Is 14517854 a multiple of 533?
True
Is 19207536 a multiple of 24?
True
Is 64 a factor of 41171854?
False
Is 33 a factor of 1092950?
False
Is 51662338 a multiple of 91?
True
Is 3350515 a multiple of 31?
False
Does 68 divide 25826974?
False
Does 67 divide 2082159?
True
Is 48363516 a multiple of 11?
False
Is 347 a factor of 796020753?
False
Does 685 divide 1424579430?
True
Is 4683 a factor of 41453916?
True
Is 131630094 a multiple of 24?
False
Does 20 divide 39855800?
True
Does 99 divide 78099402?
False
Is 4 a factor of 2464436?
True
Does 67 divide 420343997?
True
Is 164110304 a multiple of 135?
False
Is 147796193 a multiple of 2430?
False
Does 95 divide 35826816?
False
Is 25171136 a multiple of 32?
True
Is 649 a factor of 13440843?
False
Is 459484387 a multiple of 68?
False
Is 550 a factor of 9348350?
True
Does 387 divide 16628905?
False
Is 114452998 a multiple of 2067?
False
Is 1667 a factor of 87950195?
False
Is 2220198042 a multiple of 166?
True
Does 182 divide 3386838?
True
Does 875 divide 20391875?
True
Is 5 a factor of 98276992?
False
Is 598732492 a multiple of 9869?
True
Does 1842 divide 16996134?
True
Does 35 divide 2882717?
False
Is 391404426 a multiple of 427?
True
Is 19 a factor of 45106874?
True
Is 3410 a factor of 180511761?
False
Is 20 a factor of 751080353?
False
Is 60 a factor of 1866131400?
True
Is 69234451 a multiple of 143?
True
Is 3344217204 a multiple of 46?
True
Does 6 divide 77322087?
False
Is 28856003 a multiple of 1111?
True
Is 4 a factor of 10440620?
True
Is 136 a factor of 8116888?
True
Does 4379 divide 1292308585?
True
Is 1908 a factor of 101442636?
True
Is 1472322582 a multiple of 206?
True
Does 17 divide 36021368?
True
Is 240933264 a multiple of 40?
False
Is 130 a factor of 84236503?
False
Is 3876 a factor of 14286936?
True
Does 20 divide 7191280?
True
Is 2206347691 a multiple of 2600?
False
Is 3 a factor of 14099259?
True
Is 98082007 a multiple of 20?
False
Is 376842651 a multiple of 11?
False
Is 15 a factor of 2261352515?
False
Is 3569 a factor of 44541962?
False
Does 5 divide 36436347?
False
Is 2314452967 a multiple of 79?
True
Is 234343080 a multiple of 120?
True
Is 131729675 a multiple of 1128?
False
Is 400620851 a multiple of 619?
False
Is 69 a factor of 15212276?
False
Is 7224 a factor of 815329536?
True
Is 1037096968 a multiple of 139?
False
Does 982 divide 5621524?
False
Is 1432 a factor of 316572240?
True
Is 89421282 a multiple of 2798?
True
Is 7 a factor of 1946142256?
False
Is 85 a factor of 42285764?
False
Does 5 divide 1713905?
True
Is 28616032 a multiple of 1175?
False
Is 7 a factor of 2329411622?
False
Is 26 a factor of 187510970?
False
Does 887 divide 85704601?
True
Does 11 divide 865794?
False
Does 636 divide 7795208?
False
Is 311233235 a multiple of 8937?
False
Is 47 a factor of 32477190?
False
Is 190 a factor of 97364603?
False
Is 17 a factor of 12319758?
False
Is 2212 a factor of 470114608?
False
Does 1902 divide 993244772?
False
Is 6346 a factor of 378070574?
False
Does 215 divide 14564745?
True
Does 3642 divide 887391510?
True
Is 11515625 a multiple of 1375?
True
Is 4964771982 a multiple of 1602?
False
Is 2457 a factor of 1641244820?
False
Does 56 divide 736838928?
True
Is 535626327 a multiple of 55?
False
Does 1233 divide 318177074?
False
Is 257 a factor of 996660841?
False
Is 1652830320 a multiple of 199?
True
Is 239463444 a multiple of 10?
False
Is 244941760 a multiple of 32?
True
Does 17 divide 470097777?
False
Is 749830058 a multiple of 52?
False
Is 20 a factor of 20515800?
True
Does 115 divide 89442197?
False
Is 121573122 a multiple of 66?
True
Is 17 a factor of 814300595?
True
Is 1182 a factor of 1198169760?
True
Is 348727159 a multiple of 405?
False
Is 954979727 a multiple of 10?
False
Is 14 a factor of 655069?
False
Is 3417332566 a multiple of 6?
False
Is 20818560 a multiple of 60?
True
Does 284 divide 948683672?
False
Is 28573536 a multiple of 6?
True
Does 8 divide 15022414?
False
Is 1484 a factor of 3573520346?
False
Does 285 divide 2248203712?
False
Is 28 a factor of 1228343872?
True
Does 56 divide 106393896?
True
Is 412 a factor of 18734052?
True
Is 21351798 a multiple of 13?
True
Does 13 divide 281771360?
True
Is 12389195 a multiple of 365?
True
Is 750 a factor of 31882500?
True
Is 80 a factor of 2998181?
False
Does 216 divide 1209133911?
False
Is 71117553 a multiple of 27?
False
Does 64 divide 40855827?
False
Is 5 a factor of 18721275?
True
Is 58 a factor of 32999042?
True
Does 92 divide 88141244?
True
Is 46 a factor of 55005882?
False
Is 360470944 a multiple of 12